and 128?
32
What is the highest common divisor of 275 and 605?
55
Calculate the greatest common factor of 148 and 32.
4
What is the greatest common factor of 145 and 7424?
29
What is the highest common factor of 4752 and 352?
176
What is the greatest common divisor of 75 and 15?
15
What is the highest common factor of 390 and 26?
26
Calculate the greatest common divisor of 21 and 1701.
21
What is the highest common divisor of 7 and 175?
7
Calculate the highest common factor of 100 and 2000.
100
Calculate the highest common divisor of 5484 and 12.
12
What is the greatest common divisor of 390 and 60?
30
What is the highest common factor of 4530 and 30?
30
What is the highest common factor of 322 and 112?
14
Calculate the highest common divisor of 60 and 48.
12
Calculate the highest common factor of 3 and 1491.
3
Calculate the greatest common divisor of 2504 and 8.
8
Calculate the greatest common factor of 297 and 88.
11
What is the highest common divisor of 30 and 520?
10
What is the greatest common divisor of 182 and 56?
14
What is the highest common factor of 88 and 3036?
44
Calculate the highest common factor of 176 and 7172.
44
What is the highest common divisor of 72 and 8?
8
Calculate the greatest common divisor of 111 and 888.
111
Calculate the greatest common divisor of 517 and 66.
11
What is the highest common factor of 5496 and 24?
24
Calculate the highest common factor of 11 and 30701.
11
What is the greatest common factor of 2835 and 735?
105
What is the highest common divisor of 2 and 146?
2
What is the greatest common factor of 306 and 18?
18
What is the greatest common factor of 24766 and 14?
14
Calculate the greatest common factor of 155 and 93.
31
What is the greatest common factor of 48902 and 98?
98
Calculate the greatest common divisor of 32 and 104.
8
Calculate the greatest common divisor of 2086 and 2384.
298
Calculate the greatest common factor of 396 and 588.
12
Calculate the greatest common factor of 2358 and 18.
18
Calculate the highest common factor of 2 and 898.
2
Calculate the greatest common factor of 40 and 1720.
40
Calculate the greatest common divisor of 927 and 103.
103
Calculate the highest common divisor of 1 and 7.
1
What is the greatest common factor of 62960 and 32?
16
What is the greatest common divisor of 5 and 55?
5
Calculate the greatest common factor of 286 and 2509.
13
What is the greatest common factor of 920 and 790?
10
Calculate the greatest common factor of 180 and 160.
20
What is the highest common divisor of 205 and 12095?
205
Calculate the greatest common divisor of 672 and 420.
84
What is the highest common factor of 60 and 435?
15
What is the greatest common divisor of 696 and 2262?
174
Calculate the highest common divisor of 198 and 275.
11
Calculate the highest common divisor of 266 and 42.
14
Calculate the highest common factor of 1536 and 1248.
96
Calculate the highest common factor of 4152 and 120.
24
What is the highest common divisor of 75 and 50?
25
Calculate the highest common divisor of 52 and 4628.
52
Calculate the highest common factor of 12000 and 288.
96
Calculate the greatest common divisor of 108 and 180.
36
Calculate the highest common divisor of 2025 and 315.
45
Calculate the highest common factor of 160 and 176.
16
Calculate the highest common factor of 39 and 793.
13
What is the greatest common divisor of 4325 and 55?
5
What is the highest common divisor of 4 and 352?
4
What is the highest common divisor of 21 and 217?
7
Calculate the greatest common factor of 286 and 104.
26
Calculate the highest common factor of 145 and 319.
29
What is the highest common factor of 7560 and 450?
90
Calculate the greatest common divisor of 23 and 161.
23
What is the highest common factor of 2812 and 152?
76
Calculate the greatest common factor of 325 and 52.
13
Calculate the highest common factor of 26 and 296.
2
What is the highest common factor of 78 and 294?
6
Calculate the greatest common divisor of 104 and 8.
8
Calculate the highest common divisor of 63 and 2919.
21
Calculate the highest common divisor of 8 and 243.
1
Calculate the greatest common factor of 30 and 4155.
15
Calculate the highest common factor of 29708 and 28.
28
Calculate the greatest common factor of 10147 and 139.
139
What is the highest common factor of 767 and 65?
13
Calculate the greatest common divisor of 495 and 462.
33
What is the highest common divisor of 18 and 27630?
18
What is the greatest common factor of 828 and 108?
36
Calculate the highest common factor of 42 and 39774.
42
What is the greatest common divisor of 245 and 35?
35
What is the highest common factor of 552 and 24?
24
What is the highest common divisor of 448 and 560?
112
Calculate the greatest common factor of 70 and 406.
14
Calculate the greatest common factor of 36 and 90.
18
Calculate the highest common divisor of 1328 and 64.
16
What is the greatest common divisor of 12 and 16?
4
What is the highest common divisor of 2475 and 1221?
33
Calculate the highest common factor of 4814 and 58.
58
What is the greatest common factor of 8 and 40?
8
What is the highest common factor of 448 and 14?
14
What is the highest common factor of 48 and 64?
16
Calculate the highest common factor of 286 and 169.
13
What is the highest common factor of 2 and 512?
2
What is the highest common divisor of 1680 and 70?
70
What is the greatest common factor of 14 and 112?
14
What is the greatest common divisor of 19 and 323?
19
What is the highest common factor of 804 and 636?
12
Calculate the highest common divisor of 33 and 88.
11
What is the greatest common factor of 45 and 20?
5
What is the highest common factor of 382 and 1719?
191
What is the greatest common factor of 6174 and 18?
18
What is the greatest common factor of 3724 and 76?
76
What is the highest common factor of 2769 and 39?
39
Calculate the highest common factor of 63 and 3465.
63
Calculate the greatest common divisor of 3616 and 64.
32
Calculate the greatest common divisor of 654 and 5123.
109
What is the greatest common divisor of 28 and 4529?
7
Calculate the greatest common factor of 4 and 10.
2
Calculate the highest common divisor of 424 and 24.
8
Calculate the greatest common factor of 30 and 30.
30
What is the greatest common factor of 24100 and 10?
10
What is the highest common divisor of 8 and 6312?
8
Calculate the highest common divisor of 162 and 54.
54
Calculate the greatest common factor of 1 and 59.
1
Calculate the greatest common divisor of 4 and 298.
2
What is the greatest common divisor of 6464 and 64?
64
What is the highest common factor of 40 and 1060?
20
Calculate the greatest common divisor of 14 and 298.
2
Calculate the greatest common factor of 324 and 4.
4
Calculate the highest common divisor of 981 and 2.
1
Calculate the greatest common factor of 105 and 21063.
21
What is the greatest common factor of 47 and 2491?
47
What is the greatest common factor of 77 and 55?
11
Calculate the highest common divisor of 2402 and 2.
2
What is the highest common divisor of 261 and 203?
29
Calculate the highest common divisor of 26611 and 89.
89
Calculate the greatest common factor of 1734 and 18.
6
Calculate the highest common factor of 121 and 4873.
11
Calculate the greatest common factor of 3616 and 32.
32
Calculate the greatest common factor of 105 and 805.
35
What is the highest common factor of 516 and 252?
12
What is the greatest common divisor of 60 and 115980?
60
What is the greatest common factor of 8 and 200?
8
Calculate the highest common factor of 3320 and 40.
40
What is the highest common divisor of 783 and 1131?
87
What is the greatest common divisor of 20 and 1530?
10
What is the greatest common divisor of 190 and 2?
2
What is the highest common divisor of 171 and 1395?
9
Calculate the greatest common factor of 92 and 20516.
92
Calculate the greatest common divisor of 1395 and 225.
45
What is the greatest common factor of 78 and 30?
6
What is the highest common factor of 132 and 726?
66
What is the greatest common factor of 20850 and 278?
278
What is the greatest common divisor of 420 and 1695?
15
Calculate the greatest common divisor of 1653 and 114.
57
Calculate the highest common factor of 6 and 632.
2
What is the greatest common factor of 26 and 18?
2
Calculate the g